 - 20) - 5?
9
-9 + 13 - -6 - 22
-12
Evaluate 1 - (-12 - (-39 + 19)).
-7
Calculate -31 + 37 + (-7 - -16 - (3 - 0)).
12
Calculate -4 - -2 - (-1 - (-28 + 21)).
-8
What is the value of -1 + 4 + (62 - 55)?
10
What is (17 - (-3 + 12)) + -2 - 0?
6
What is -4 + (-13 + 1 - -4 - -5)?
-7
-2 + -10 - (-52 - -55 - (2 + 6))
-7
What is 15 + (6 - (-14 - -25))?
10
-17 + 1 + 1 + 0 + (-6 - -1)
-20
(-74 - (1 - 33)) + 48
6
Calculate (4359 - 4345) + (-1 - (0 + -1)).
14
Calculate (-12 - -7 - (24 + -20)) + 7.
-2
Calculate (0 - -7) + (33 - (19 - -2) - 54).
-35
(8 - (18 + 2)) + -2
-14
Calculate -4 + (-2 - -11) + -5 + (10 - -2).
12
What is the value of -3 + -11 - ((-1 - -3) + 4)?
-20
What is the value of -16 + 2 + 5 - -5 - -17?
13
-33 + 16 + -39 + 29
-27
What is the value of 10 - ((-11 - -3) + 11)?
7
What is (2 - (2 - 0)) + (446 - 428)?
18
What is the value of -17 + -1 + (-98 - -120)?
4
-7 + (9 - -2) + (21 - 20)
5
What is 16 - (-7 - 2 - -15) - -1?
11
Evaluate 297 + -297 - (1 - (-2 + -11)).
-14
Evaluate 10 + 3 + -2 + (24 - 35) + 10.
10
What is -59 + 22 + 38 - (2 + 14)?
-15
What is the value of -8 + 9 - 0 - (0 - -1 - -3)?
-3
Evaluate (14 - 6) + (4 - (-7 + 23 - -2)).
-6
What is -1 - (1 + (1 - 0) - (0 - 2))?
-5
What is the value of (-1 - -2 - (12 - 10)) + 4 - -14?
17
6 + -10 - -7 - (8 + 7)
-12
-7 + 3 + 6 - (57 - 48)
-7
What is the value of 21 + (-22 - -2) + 10 - 8?
3
What is the value of (-19 - -2) + -45 + 141 + -49?
30
What is -24 + (-16 - -34 - -17)?
11
What is the value of (17 - (-16 + 24)) + -28 + -2?
-21
Evaluate 3 - (-11 + 10 - -4 - (-1 - -16)).
15
21 + 10 + -3 + -17 + -9
2
Calculate -4 + 14 - (-5 - (14 + -1) - -10).
18
What is the value of 1 - ((9 - 18) + -6 - -14)?
2
Calculate 12 + -24 - (9 + -12 + 18).
-27
What is the value of -19 - 1 - ((2 - 14) + (-3 - -17))?
-22
What is the value of (-2 - -11) + -11 + 9 + 3 + 2?
12
What is 9 - ((0 - -1) + 2) - 9?
-3
Calculate (-599 - -584) + (17 - 1).
1
39 + -9 + 10 + -24
16
Evaluate (35 - 10 - 35) + 10.
0
What is the value of -7 + 16 + (-2 - 6) + 8 + -9?
0
(4 - 13) + -10 + 29 + -22
-12
16 + (-10 - -17 - (-36 - -35))
24
Evaluate (2 - (-10 - (11 + -31))) + -11.
-19
Calculate 0 + -3 + 2 - (-60 + 68) - -8.
-1
Evaluate 6 + (14 - (32 - 12)).
0
Calculate (-15 - (-15 - -3)) + (0 - -5) - -5.
7
Evaluate (-10 - (10 + -13)) + -2.
-9
Evaluate (-4 + 7 + 1 - 5) + -22 + 7.
-16
What is -19 + -7 + 2 + 43?
19
What is the value of (77 - 76 - (-6 + 0)) + -30 - -7?
-16
4 + (-4 - -1) + 3 + -18 + 4
-10
What is the value of (-3 - 0) + (119 - 125)?
-9
What is the value of -9 + -7 + 31 + 4?
19
11 + (-11 - 3) + 0 + -3 + 0
-6
Evaluate -6 + -29 + 17 + 7.
-11
What is 13 + -4 + (6 - 8 - 2)?
5
What is the value of (19 - 23) + (6 - -9) - (3 + -29)?
37
What is the value of -5 + (-12 - (1 + -9)) + -7?
-16
-93 - -88 - (1 - -5)
-11
-34 - (-1 - 4 - (-236 + 240))
-25
What is the value of -26 - (-17 - 1 - -18)?
-26
What is (-15 - -71) + 5 + -22 - (7 + -1)?
33
Evaluate (-24 - (-39 - -8)) + -3 + -20 + -2.
-18
What is (0 - 0 - 17) + (-4 - (-34 + 30))?
-17
What is the value of 4 + 2 + 0 + 31 + (-47 - -3)?
-7
Evaluate -14 + -1 + 4 + 19 + -2.
6
What is -3 - 9 - (3 + -20 + 1)?
4
Evaluate -236 - -235 - (2 - 29).
26
What is the value of -75 - -105 - (46 - 2)?
-14
27 + -35 + (0 + -1 - -18)
9
What is the value of -13 + 25 + 4 - (-7 + 4)?
19
Calculate 11 + (-12 + 44 - 15) + -12.
16
What is -7 - (-5 + 9 + -7 + 3)?
-7
What is (-13 - -10) + -8 + 2 + 4?
-5
Calculate 21 + -6 + (10 - 25).
0
(-1 + -3 - 0) + (45 - 20 - 10)
11
What is (-1 - (-6 + 1)) + (6 - 4)?
6
28 + -9 + 1 - 4
16
-9 + (-9 - (3 - 20 - 0))
-1
Evaluate -23 + (7 - -13 - -6).
3
What is the value of -15 - 3 - (0 - (5 + 0))?
-13
(0 - 1) + 12 + 17 + -11 + -32
-15
Calculate (0 - (2 + (-9 - -13))) + 11.
5
Evaluate 23 + -11 + 1 + -10.
3
Evaluate -15 + (-28 - -18 - -22).
-3
Calculate (8 - 7) + (0 - 0) + 9.
10
-17 + (2 - (4 + -20 + 10))
-9
What is 3 - (-2 + -3 - -3) - -11 - -11?
27
What is the value of (1 - 12) + (-38 - -27 - 0)?
-22
What is the value of -14 - (-24 + -7) - 20?
-3
What is ((12 - 2 - 18) + 4 - -10) + 26?
32
Calculate -11 - ((10 - -1) + -34).
12
Evaluate -9 - (1 - -6 - (101 + -95) - -12).
-22
What is (-9 - (-11 - 3)) + -10?
-5
What is -5 + 2 + -5 - (-90 - -64)?
18
Calculate 29 + -18 - ((1 - 2) + 7 + -1).
6
What is -15 + 1 + (-17 - -31)?
0
What is the value of 17 + 1 + (-170 - -166) - (1 + -2)?
15
Evaluate -1 + (-1 - 2) + 9 + -9.
-4
Evaluate -23 + (20 - -4) - (5 + -9).
5
What is (-1 - (-5 + 19)) + (0 - (3 + -6))?
-12
-4 - (19 + 2 + -7) - -4
-14
What is the value of -44 + 33 + (5 - 0) + (-1 - -2)?
-5
What is the value of 16 - (-7 + (-1 - (-9 + 2 + 6)))?
23
Evaluate -2 + 2 + 24 + 15 + -11.
28
Evaluate (-2 - -1) + 9 + (10 - 0) + -18.
0
What is the value of -10 + 6 + -1 + -2 + 12?
5
(-1 - 11 - (94 - 88)) + 8
-10
1 + 3 + (-52 - -6 - -25)
-17
Evaluate (13 - 6 - -2) + -9 - -9.
9
(-30 - -9) + 41 + -52
-32
What is -1 - ((3 - -7) + -12 - -3)?
-2
What is -42 + 30 + (-3 - -12)?
-3
12 + 3 + (11 - 8) + -12
6
Evaluate -131 - -110 - (-1 + -15).
-5
What is the value of -10 - (14 + 6 + -79 + 17)?
32
-18 + (58 - 3) - 36
1
What is -12 - (27 + -68 + 22)?
7
Calculate (873 - 896) + -3 + 2.
-24
Evaluate -3 + (-12 + 3 - -17) - -8.
13
12 + 0 + -11 - 12
-11
Evaluate (0 + 0 + -11 - 3) + 8.
-6
What is the value of -16 + 25 + -71 - -36?
-26
Evaluate (24 - 9) + (14 - 27) + 1 + -1.
2
-6 + (-30 + 29 - (-3 + 11))
-15
Evaluate -3 + (-18 - -25) + -14.
-10
-28 + -5 + 7 + 4 + 0 + 0
-22
Calculate 3 + -11 + 12 + -2 + (0 - -1).
3
What is the value of (11 - 78 - -70) + -17 + 1?
-13
-14 + (57 - 12) + 11 + -14
28
What is the value of (3 - (7 + -6)) + (18 - 6)?
14
Evaluate 1 - 7 - (-17 + 20) - -18.
9
What is the value of -2 - 3 - (0 + 0 - (24 + -21))?
-2
Calculate -1 + 3 - -1 - (6 + -6 + 10).
-7
9 + -22 + (24 - (5 + 9))
-3
What is the value of 11 - (32 + -23) - (-4 + 1)?
5
Evaluate (26 - 52) + 20 - (0 - -1) - -7.
0
Evaluate 4 + 5 + 1 + 3.
13
What is the value of -6 + -1 - 3 - (11 - 9)?
-12
What is the value of (5 - (3 + -2)) + 0 + 5?
9
What is (21 - (76 - 50)) + 1 + 1 + 9?
6
What is the value of (5 + 2 + -31 + 28 - 34) + 4?
-26
What is the value of (-2 - (-8 - -12)) + 24 + -3?
15
What is the value of 14 - (8 + 3) - (-5 + 4 + 17)?
-13
What is the value of 2 + -4 + 8 + (4 - 2)?
8
Evaluate -18 + 29 - -11 - 26.
-4
Evaluate (2 - 32) + (-48 - -104).
26
What is the value of (-14 - 0 - -2) + 13?
1
(-42 - -39 - (-5 - -13)) + 23 + 2
14
What is 0 - 14 - (24 + (-41 - 2))?
5
What is the value of (-3 - (-3 - 6)) + (8 - (-7 + 13))?
8
What is the value of -9 + (8 - -2 - 19) + 2?
-16
Calculate 1 - (14 + -11 + 3 + 3).
-8
-6 + (1 - 2) - (-9 - (7 - 25))
-16
48 - (1 + 11 + 7) - 6
23
Calculate -39 - (-30 + 23 + -17).
-15
What is 6 - 1 - ((15 + -12 - 8) + 12)?
-2
What is the value of -8 - 18 - 32 - -19?
-39
What is the value of (-40 - -10 - -7) + (4 - (-1 + 4))?
-22
Calculate (-35 - -6) + 7 + 5 + 2.
-15
What is the value of -11 + (4 - 10) + 51 + -15?
19
What is (-1 - 10) + -17 + (19 - -2)?
-7
What is 7 - (-37 + 33) - 11?
0
What is the value of 3 + 12 + (14 + -8 - 41)?
-20
What is the value of (-147 - -143) + (2 - 2) + (16 - 4)?
8
What is (-2 - 1) + -3 + 7?
1
(-42 - -52) + 0 + -4 + 3
9
Evaluate (-3 - (15 + -19)) + (-13 - (-4 + 2)).
-10
Evaluate -7 - -16 - (25 - (-8 + 4 + 7)).
-13
Calculate 15 - (-10 + -4 + 35).
-6
Calculate 1 + (-7 - 1) + 9 - 10.
-8
Evaluate (-70 - -73) + (-2 - 1) - -7.
7
Evaluate 2 + 30 + -28 - (-2 - -3 - -8).
-5
What is 22 - (-4 + (-9 - -26))?
9
Calculate 87 + -85 + -2 + (1 - 3).
-2
Evaluate (6 - (2 - 1)) + (3 - 15 - -16).
9
Evaluate (-6 - (-24 - -11)) + 2 + -6.
3
-8 - 15 - 10 - -7
-26
What is the value of (11 + (6 + -8 - 3) - 15) + 0?
-9
What is the value of 35 + (-37 - 8) + -1 + 27?
16
What is -2 + (6 - (5 - 1)) - 7?
-7
8 - (1 + 30 + -13 + 2)
-12
What is the value of -9 + (-11 - (-8 - (-6 - 1) - 0))?
-19
What is -49 + 45 + 2 + (6 - -1)?
5
Evaluate (-2 - 0) + 21 + -13 + -5 + -2.
-1
What is the value of 7 + -1 + 29 + -47?
-12
What is the value of -6 - (-23 + 2 + 19)?
-4
0 + (11 + -14 - 7)
-10
-1 + 7 - (-1 + (-2 - -11) + 2)
-4
Calculate -46 - -41 - (0 - (-4 + 9 - 2)).
-2
-15 - 5 - -8 - (1 - 3)
-10
What is the value of 13 + -39 - -28 - (0 - -1) - -9?
10
What is 36 - (116 - 76) - (0 + 8 + 0)?
-12
What is 17 - (-5 + (-13 - -35 - 13))?
13
What is -297 + 308 - (-2 + 5)?
